 of 36 and s.
6
Let x(q) = 10*q**2 + 8*q + 6. Let t be x(-2). Calculate the highest common factor of 15 and t.
15
Let u(z) = 3*z**2 + 1. Suppose 7 - 3 = 4*s. Let m be u(s). Suppose -8*t + 8 = -m*t. Calculate the highest common factor of t and 1.
1
Let q = 6 + -3. Let v be 1 + (82 - (q + 0)). Calculate the highest common factor of v and 16.
16
Suppose -3*g = 4*l + 12 - 147, l = -3*g + 36. What is the highest common factor of 11 and l?
11
Suppose 0 = 3*r + 4*h - 41, -3*r - 4*h = r - 56. What is the highest common factor of r and 5?
5
Let v = 20 + 17. Calculate the greatest common divisor of v and 74.
37
Suppose 3*l = -z + 3*z + 268, 0 = 4*l - z - 359. What is the greatest common factor of 60 and l?
30
Suppose -11*p - 549 = -2177. Calculate the highest common divisor of 37 and p.
37
Let m(u) = 6*u**2 + 2. Let v be m(3). Let h be -1*2*-1 + -2. Suppose t + b + h*b = 7, 4*b = 0. What is the highest common factor of t and v?
7
Let i be -6*(100/12 + -3). Let n = -21 - i. What is the highest common divisor of 44 and n?
11
Let d be (-2)/(-5) + 204/(-10). Suppose 0 = k - 3*k - 5*c + 78, -4*c = 4*k - 144. Let m = k + d. Calculate the greatest common factor of m and 56.
14
Suppose 2*j + 4 = u, j + 4 = -4*j + 4*u. Let w = -35 + -1. Let p be (j/6)/(2/w). Calculate the highest common divisor of p and 24.
12
Suppose 6*d - 82 + 28 = 0. Calculate the greatest common divisor of d and 3.
3
Suppose -3*z - 3*j + 516 = 0, -251 = -z - 4*j - 91. Calculate the highest common factor of z and 16.
16
Let i = 0 - 4. Let a(s) = -s**2 - 4*s + 5. Let m be a(i). What is the greatest common factor of 1 and m?
1
Suppose -9*k + 8*k = -12. What is the greatest common factor of 2 and k?
2
Suppose 65 = 4*m + 5*x, 4*x - 27 + 7 = 0. Suppose 0 = 18*j - 197 - 343. What is the greatest common divisor of m and j?
10
Let k(r) = -r**3 + 8*r**2 + 3. Let i be k(8). Suppose -i*w + 10 = 2*w. What is the highest common factor of 4 and w?
2
Suppose 2*t - 3*n = 12, t + n = -0*n + 1. Let x(f) = t*f + 9 - f**2 + 8*f - f. Let r be x(9). Calculate the highest common factor of r and 45.
9
Let j = 83 - 406. Let c = -178 - j. Let g = c - 100. What is the greatest common divisor of 30 and g?
15
Let x be (-2)/7 - (-31020)/84. What is the highest common factor of 41 and x?
41
Let z(h) = h**3 - 5*h**2 + 4. Let q be z(6). Calculate the highest common divisor of 8 and q.
8
Suppose -340 = -3*c - c. Let g be (1 + -3)/(-3 - (-250)/85). What is the greatest common divisor of g and c?
17
Let w(f) = -13*f - 6. Let z be -9 + (-3 - (-1 + -4)). Let x be w(z). Calculate the highest common divisor of x and 17.
17
Suppose 3*r + 5*k + 39 = 264, 4*k = 12. Let y = -62 + -20. Let v be y/(-3) + 4/6. Calculate the greatest common factor of r and v.
14
Let l be (2*1)/(0 + -5 - -7). What is the highest common factor of l and 8?
1
Suppose 2*m - 41 = -4*n - 3*m, -40 = -2*n + 4*m. Let l be (6/(-3))/(4/(-42)). What is the greatest common divisor of l and n?
7
Suppose -2*a + 8 = p, 4*p - 6 = -2*a - 4. Suppose 5*h = -5*q + 300, q + 0*q = -2*h + 65. What is the greatest common divisor of q and a?
5
Let q = -4 - -9. Suppose q*h - 43 = -2*f - f, -4*f = -h + 4. Let g(c) = -2*c - 64. Let s be g(-34). Calculate the highest common divisor of s and h.
4
Let r(n) = -n**3 - 7*n**2 - 6*n + 1. Let h be r(-6). Suppose -w - h = 3*t - 5*t, t - 23 = -4*w. What is the greatest common divisor of 1 and t?
1
Suppose 0 = -10*x + 18*x - 272. Calculate the greatest common factor of 306 and x.
34
Let y(n) = -9*n - 5. Let d be y(-6). Suppose -5*b = -s - 109, 5*b + 5*s - 101 = 4*s. Suppose -3*q + b = -0*q. What is the highest common factor of q and d?
7
Let r be (-1 - -3)/(-1) + 3. Let v be r + 62 - (0 - 0). Let b be 9 - -3*4/(-6). What is the highest common factor of v and b?
7
Let k(c) = -9*c - 12. Let y be k(-8). Let z = 6 + -5. Suppose 44 = 3*s - z. What is the highest common divisor of y and s?
15
Suppose 200 = 9*t + t. Calculate the greatest common divisor of t and 16.
4
Let k(a) = -a**3 - 8*a**2 + 3*a - 12. Let n be k(-9). What is the highest common divisor of 21 and n?
21
Let v = 25 - 59. Let k be (-1 - 0) + v + -4. Let r be (-2)/(-10) + k/(-5). Calculate the highest common divisor of 32 and r.
8
Let a be -2 + (-14)/((-2)/1). Suppose -a*b - 4*c + 34 = 0, -35 = -2*b + 5*c + 5. Calculate the greatest common factor of b and 2.
2
Let y = 27 + -6. Let s = y + -13. Let a(k) = 7*k**3 - k**2 + 2*k. Let b be a(2). What is the highest common divisor of b and s?
8
Let w = -2 + 6. Suppose -7 = u + 2*h, -w*h + 2*h = 2*u + 4. Let t(x) = 28*x - 4. Let c be t(u). What is the highest common divisor of c and 10?
10
Suppose -4*v + 4*n = -104, 0 = 4*v + n + 2*n - 90. Suppose 5*d - 2*s + 113 - 407 = 0, -d - s + 63 = 0. What is the greatest common factor of d and v?
12
Let w = -77 + 192. Let x = 331 - w. What is the greatest common factor of x and 24?
24
Let t be (-59)/(-7) + 1120/(-98) + 12. Suppose 0 = -5*j + 5*v + 630, -j - 4*v + 196 - 45 = 0. Let a = j + -86. What is the highest common divisor of t and a?
9
Let t(i) = 3*i**3 + i. Let h be t(-1). Let a = h - -9. Calculate the greatest common factor of a and 35.
5
Suppose 0 = 3*j - 35 - 55. What is the highest common factor of 15 and j?
15
Let v(n) = n**3 - 9*n**2 - 9*n - 3. Let q be v(10). Let k = 14 + -7. What is the greatest common factor of k and q?
7
Let o(d) = d + 16. Let q(n) = -4*n - 49. Let i(p) = -7*o(p) - 2*q(p). Let v be i(15). What is the highest common factor of 9 and v?
1
Suppose -2*p = -f - 31, 2*p + f = -2*p + 47. Suppose 0 = 5*q - 15, 0*l = -2*l - 3*q + p. Calculate the greatest common divisor of l and 4.
2
Suppose -2*m - 8 = -3*r - 0*m, -5*r = 4*m - 6. Suppose -5 - 7 = -r*b. Let d(w) = w**3 - w. Let i be d(2). What is the greatest common factor of i and b?
6
Suppose -5*r = -11 - 124. Suppose 4 = w - 3*y - 8, -3*w + 5*y + 44 = 0. What is the greatest common factor of r and w?
9
Suppose -x + 71 = 11. Calculate the highest common divisor of x and 15.
15
Suppose -69 = -4*s + 107. What is the greatest common factor of 4 and s?
4
Let r = -32 - -68. Suppose 10*m - 14*m = -r. Calculate the greatest common factor of 3 and m.
3
Let z(y) = -19*y. Let d be z(-2). Suppose -2*f = -0*f - d. What is the greatest common factor of 171 and f?
19
Let i = 11 - 9. Let c be i*2 - (-280 - 4). What is the highest common factor of c and 32?
32
Suppose -4*p - 54 - 102 = 0. Let q = 7 - p. Calculate the greatest common divisor of 23 and q.
23
Suppose -t + 92 = 3*t. What is the highest common divisor of t and 184?
23
Let l(i) = 2*i - 3. Let y be l(8). What is the highest common factor of y and 13?
13
Let k be 632/24 + (-4)/(-6). What is the highest common divisor of k and 108?
27
Let y be (-403)/(-5) + 6/(-10). What is the greatest common divisor of 10 and y?
10
Let q = -11 + 27. What is the greatest common divisor of 40 and q?
8
Let q(d) = d + 2. Let i be q(-2). Suppose i = t - 5*t + 220. What is the highest common factor of t and 11?
11
Let r(m) = 1 + 7 - 6*m - 2*m**2 + 3*m**2. Let z be r(9). Suppose -2*o + z = 3*t - 0*o, -t - 5*o = -3. What is the highest common divisor of t and 104?
13
Let w(s) = -s**2 - 4*s - 1. Let a(h) = h**2 + 3*h + 2. Let p(r) = 2*a(r) + 3*w(r). Let f be p(-5). What is the highest common divisor of f and 48?
6
Let l = -60 + 135. Suppose -4*n + 189 = -l. Let y = -3 + 25. Calculate the greatest common divisor of n and y.
22
Let c(a) = a**3 + 8*a**2 + a + 9. Let j be c(-8). Let g be (10/5)/((-4)/(-6)). Suppose -z + 44 = g*z. What is the greatest common divisor of z and j?
1
Let z be ((-5)/2)/(9/(-18)). Suppose -4*y = z*g - 293, -6*y + 284 = -2*y - 4*g. What is the greatest common divisor of y and 8?
8
Let q(h) = h + 2. Let x be q(6). Let y = 0 + 4. Suppose -y*d + 3*d = -72. Calculate the greatest common factor of d and x.
8
Suppose -2*h - 124 = -404. Calculate the highest common divisor of 20 and h.
20
Suppose 2*b = -3*l + 11 + 3, 4 = 3*l + 4*b. Suppose -5*z + 3*v = -455, -4*z = 2*v - 3*v - 357. Calculate the greatest common factor of z and l.
8
Let q be 78/4*(-12)/(-9). Let y = -18 + q. Suppose u - 40 = -8. Calculate the greatest common divisor of u and y.
8
Let t be ((-12)/10)/((-6)/20). Suppose 19 - 199 = t*d. Let l = d - -122. What is the greatest common divisor of 11 and l?
11
Let l(c) = -c**2 - 9*c + 